{"id":56,"date":"2020-04-01T19:01:53","date_gmt":"2020-04-01T19:01:53","guid":{"rendered":"https:\/\/jarditechservice.ch\/?page_id=56"},"modified":"2024-01-19T09:37:34","modified_gmt":"2024-01-19T09:37:34","slug":"contact","status":"publish","type":"page","link":"https:\/\/jarditechservice.ch\/?page_id=56","title":{"rendered":"Contact"},"content":{"rendered":"\n<p><\/p>\n\n\n\n<p>Vous pouvez nous joindre par t\u00e9l\u00e9phone au num\u00e9ro suivant: 079 295 75 19 ou par email \u00e0 l&rsquo;adresse suivante: philippe.wider@gmail.com<\/p>\n\n\n\n<p>Bien entendu nous vous accueillons volontiers dans notre magasin situ\u00e9 \u00e0 la rue de Jaman 6 \u00e0 Clarens durant les heures d&rsquo;ouverture du lundi au vendredi de 8h00 \u00e0 18h00.<\/p>\n\n\n\n<p><\/p>\n","protected":false},"excerpt":{"rendered":"<p>Vous pouvez nous joindre par t\u00e9l\u00e9phone au num\u00e9ro suivant: 079 295 75 19 ou par email \u00e0 l&rsquo;adresse suivante: philippe.wider@gmail.com Bien entendu nous vous accueillons volontiers dans notre magasin situ\u00e9 \u00e0 la rue de Jaman 6 \u00e0 Clarens durant les&hellip;&nbsp;<a href=\"https:\/\/jarditechservice.ch\/?page_id=56\" class=\"more-link\">Lire la suite<\/a><\/p>\n","protected":false},"author":1,"featured_media":0,"parent":0,"menu_order":0,"comment_status":"closed","ping_status":"closed","template":"","meta":{"footnotes":""},"jetpack_sharing_enabled":true,"_links":{"self":[{"href":"https:\/\/jarditechservice.ch\/index.php?rest_route=\/wp\/v2\/pages\/56"}],"collection":[{"href":"https:\/\/jarditechservice.ch\/index.php?rest_route=\/wp\/v2\/pages"}],"about":[{"href":"https:\/\/jarditechservice.ch\/index.php?rest_route=\/wp\/v2\/types\/page"}],"author":[{"embeddable":true,"href":"https:\/\/jarditechservice.ch\/index.php?rest_route=\/wp\/v2\/users\/1"}],"replies":[{"embeddable":true,"href":"https:\/\/jarditechservice.ch\/index.php?rest_route=%2Fwp%2Fv2%2Fcomments&post=56"}],"version-history":[{"count":4,"href":"https:\/\/jarditechservice.ch\/index.php?rest_route=\/wp\/v2\/pages\/56\/revisions"}],"predecessor-version":[{"id":1015,"href":"https:\/\/jarditechservice.ch\/index.php?rest_route=\/wp\/v2\/pages\/56\/revisions\/1015"}],"wp:attachment":[{"href":"https:\/\/jarditechservice.ch\/index.php?rest_route=%2Fwp%2Fv2%2Fmedia&parent=56"}],"curies":[{"name":"wp","href":"https:\/\/api.w.org\/{rel}","templated":true}]}}

<p></p>



<p>Vous pouvez nous joindre par téléphone au numéro suivant: 079 295 75 19 ou par email à l&rsquo;adresse suivante: philippe.wider@gmail.com</p>



<p>Bien entendu nous vous accueillons volontiers dans notre magasin situé à la rue de Jaman 6 à Clarens durant les heures d&rsquo;ouverture du lundi au vendredi de 8h00 à 18h00.</p>



<p></p>

<p>Vous pouvez nous joindre par téléphone au numéro suivant: 079 295 75 19 ou par email à l&rsquo;adresse suivante: philippe.wider@gmail.com Bien entendu nous vous accueillons volontiers dans notre magasin situé à la rue de Jaman 6 à Clarens durant les&hellip;&nbsp;<a href="https://jarditechservice.ch/?page_id=56" class="more-link">Lire la suite</a></p>
