{"id":493,"date":"2020-04-24T09:54:42","date_gmt":"2020-04-24T09:54:42","guid":{"rendered":"https:\/\/jarditechservice.ch\/?post_type=product&#038;p=493"},"modified":"2024-01-10T13:10:24","modified_gmt":"2024-01-10T13:10:24","slug":"kb-km-balai-brosse-outil-combisysteme","status":"publish","type":"product","link":"https:\/\/jarditechservice.ch\/?product=kb-km-balai-brosse-outil-combisysteme","title":{"rendered":"KB-KM Balai brosse Outil CombiSyst\u00e8me Stihl"},"content":{"rendered":"<h3><span style=\"color: #993300;\"><em><strong>KB-KM Balai brosse<\/strong><\/em><\/span><br \/>\n<span style=\"color: #993300;\"><em><strong>Outil CombiSyst\u00e8me<\/strong><\/em><\/span><\/h3>\n<p><span style=\"color: #993300;\"><em><strong>Outil Combi brosse de balayage du CombiSyst\u00e8me STIHL. Nettoie les surfaces rejointoy\u00e9es ou les surfaces de pierres naturelles in\u00e9gales en \u00e9liminant les salet\u00e9s ou la terre compact\u00e9e. Poids : 6,4 kg. Longueur totale : 120 cm. Pour tous les moteurs Combi \u00e0 poign\u00e9e circulaire (R)<\/strong><\/em><\/span><br \/>\n<em><strong>\u00a0<\/strong><\/em><br \/>\n<em><strong>Donn\u00e9es techniques :<\/strong><\/em><br \/>\n<em>Outil Balai brosse<\/em><br \/>\n<em>Largeur de travail : 125cm<\/em><br \/>\n<em>Poids : 6.4 kg<\/em><\/p>\n","protected":false},"excerpt":{"rendered":"<h2><span style=\"color: #993300;\"><em><strong>KB-KM Balai brosse Outil CombiSyst\u00e8me<\/strong><\/em><\/span><\/h2>\n<p><span style=\"color: #993300;\"><em><strong>Outil Combi brosse de balayage du CombiSyst\u00e8me STIHL. Nettoie les surfaces rejointoy\u00e9es ou les surfaces de pierres naturelles in\u00e9gales en \u00e9liminant les salet\u00e9s ou la terre compact\u00e9e<\/strong><\/em><\/span><\/p>\n","protected":false},"featured_media":494,"template":"","meta":[],"product_cat":[47],"product_tag":[],"jetpack_sharing_enabled":true,"_links":{"self":[{"href":"https:\/\/jarditechservice.ch\/index.php?rest_route=\/wp\/v2\/product\/493"}],"collection":[{"href":"https:\/\/jarditechservice.ch\/index.php?rest_route=\/wp\/v2\/product"}],"about":[{"href":"https:\/\/jarditechservice.ch\/index.php?rest_route=\/wp\/v2\/types\/product"}],"wp:featuredmedia":[{"embeddable":true,"href":"https:\/\/jarditechservice.ch\/index.php?rest_route=\/wp\/v2\/media\/494"}],"wp:attachment":[{"href":"https:\/\/jarditechservice.ch\/index.php?rest_route=%2Fwp%2Fv2%2Fmedia&parent=493"}],"wp:term":[{"taxonomy":"product_cat","embeddable":true,"href":"https:\/\/jarditechservice.ch\/index.php?rest_route=%2Fwp%2Fv2%2Fproduct_cat&post=493"},{"taxonomy":"product_tag","embeddable":true,"href":"https:\/\/jarditechservice.ch\/index.php?rest_route=%2Fwp%2Fv2%2Fproduct_tag&post=493"}],"curies":[{"name":"wp","href":"https:\/\/api.w.org\/{rel}","templated":true}]}}

KB-KM Balai brosse Outil CombiSystème Stihl

<h3><span style="color: #993300;"><em><strong>KB-KM Balai brosse</strong></em></span><br />
<span style="color: #993300;"><em><strong>Outil CombiSystème</strong></em></span></h3>
<p><span style="color: #993300;"><em><strong>Outil Combi brosse de balayage du CombiSystème STIHL. Nettoie les surfaces rejointoyées ou les surfaces de pierres naturelles inégales en éliminant les saletés ou la terre compactée. Poids : 6,4 kg. Longueur totale : 120 cm. Pour tous les moteurs Combi à poignée circulaire (R)</strong></em></span><br />
<em><strong> </strong></em><br />
<em><strong>Données techniques :</strong></em><br />
<em>Outil Balai brosse</em><br />
<em>Largeur de travail : 125cm</em><br />
<em>Poids : 6.4 kg</em></p>

<h2><span style="color: #993300;"><em><strong>KB-KM Balai brosse Outil CombiSystème</strong></em></span></h2>
<p><span style="color: #993300;"><em><strong>Outil Combi brosse de balayage du CombiSystème STIHL. Nettoie les surfaces rejointoyées ou les surfaces de pierres naturelles inégales en éliminant les saletés ou la terre compactée</strong></em></span></p>
