{"id":499,"date":"2020-04-24T10:01:56","date_gmt":"2020-04-24T10:01:56","guid":{"rendered":"https:\/\/jarditechservice.ch\/?post_type=product&#038;p=499"},"modified":"2024-01-10T13:12:06","modified_gmt":"2024-01-10T13:12:06","slug":"ht-km-perche-elagueuse-outil-combisysteme","status":"publish","type":"product","link":"https:\/\/jarditechservice.ch\/?product=ht-km-perche-elagueuse-outil-combisysteme","title":{"rendered":"HT-KM Perche \u00e9lagueuse Outil CombiSyst\u00e8me Stihl"},"content":{"rendered":"<h3><span style=\"color: #993300;\"><strong><em>HT-KM Perche \u00e9lagueuse<\/em><\/strong><\/span><br \/>\n<span style=\"color: #993300;\"><strong><em>Outil CombiSyst\u00e8me<\/em><\/strong><\/span><\/h3>\n<p><span style=\"color: #993300;\"><strong><em>Pour des coupes pr\u00e9cises sur des branches hautes. Structure compacte avec rep\u00e8re de vis\u00e9e int\u00e9gr\u00e9<\/em><\/strong><\/span><br \/>\n<strong><em>\u00a0<\/em><\/strong><br \/>\n<strong><em>Donn\u00e9es techniques :<\/em><\/strong><br \/>\n<em>Outil Perche \u00e9lagueuse<\/em><br \/>\n<em>Largeur de travail : 126 cm<\/em><br \/>\n<em>Poids : 1.3 kg<\/em><\/p>\n","protected":false},"excerpt":{"rendered":"<h2><span style=\"color: #993300;\"><em><strong>HT-KM Perche \u00e9lagueuse Outil CombiSyst\u00e8me<\/strong><\/em><\/span><\/h2>\n<p><span style=\"color: #993300;\"><em><strong>Pour des coupes pr\u00e9cises sur des branches hautes. Structure compacte avec rep\u00e8re de vis\u00e9e int\u00e9gr\u00e9<\/strong><\/em><\/span><\/p>\n","protected":false},"featured_media":500,"template":"","meta":[],"product_cat":[47],"product_tag":[],"jetpack_sharing_enabled":true,"_links":{"self":[{"href":"https:\/\/jarditechservice.ch\/index.php?rest_route=\/wp\/v2\/product\/499"}],"collection":[{"href":"https:\/\/jarditechservice.ch\/index.php?rest_route=\/wp\/v2\/product"}],"about":[{"href":"https:\/\/jarditechservice.ch\/index.php?rest_route=\/wp\/v2\/types\/product"}],"wp:featuredmedia":[{"embeddable":true,"href":"https:\/\/jarditechservice.ch\/index.php?rest_route=\/wp\/v2\/media\/500"}],"wp:attachment":[{"href":"https:\/\/jarditechservice.ch\/index.php?rest_route=%2Fwp%2Fv2%2Fmedia&parent=499"}],"wp:term":[{"taxonomy":"product_cat","embeddable":true,"href":"https:\/\/jarditechservice.ch\/index.php?rest_route=%2Fwp%2Fv2%2Fproduct_cat&post=499"},{"taxonomy":"product_tag","embeddable":true,"href":"https:\/\/jarditechservice.ch\/index.php?rest_route=%2Fwp%2Fv2%2Fproduct_tag&post=499"}],"curies":[{"name":"wp","href":"https:\/\/api.w.org\/{rel}","templated":true}]}}

HT-KM Perche élagueuse Outil CombiSystème Stihl

<h3><span style="color: #993300;"><strong><em>HT-KM Perche élagueuse</em></strong></span><br />
<span style="color: #993300;"><strong><em>Outil CombiSystème</em></strong></span></h3>
<p><span style="color: #993300;"><strong><em>Pour des coupes précises sur des branches hautes. Structure compacte avec repère de visée intégré</em></strong></span><br />
<strong><em> </em></strong><br />
<strong><em>Données techniques :</em></strong><br />
<em>Outil Perche élagueuse</em><br />
<em>Largeur de travail : 126 cm</em><br />
<em>Poids : 1.3 kg</em></p>

<h2><span style="color: #993300;"><em><strong>HT-KM Perche élagueuse Outil CombiSystème</strong></em></span></h2>
<p><span style="color: #993300;"><em><strong>Pour des coupes précises sur des branches hautes. Structure compacte avec repère de visée intégré</strong></em></span></p>
