{"id":693,"date":"2021-11-30T14:59:06","date_gmt":"2021-11-30T14:59:06","guid":{"rendered":"https:\/\/jarditechservice.ch\/?post_type=product&#038;p=693"},"modified":"2024-01-10T14:41:43","modified_gmt":"2024-01-10T14:41:43","slug":"secateur-arboricole-pellenc-prunion-avec-accu-150","status":"publish","type":"product","link":"https:\/\/jarditechservice.ch\/?product=secateur-arboricole-pellenc-prunion-avec-accu-150","title":{"rendered":"S\u00e9cateur arboricole Pellenc C45\/C35"},"content":{"rendered":"<h3><span style=\"color: #ffcc00;\"><strong><em>S\u00e9cateur arboricole Pellenc C 45<br \/>\n<\/em><\/strong><\/span><\/h3>\n<p><span style=\"color: #ffcc00;\"><em><strong>Puissants et l\u00e9gers, cette derni\u00e8re g\u00e9n\u00e9ration de s\u00e9cateurs rend la taille des arbres fruitiers, d\u2019ornements et forestiers plus rapide et plus s\u00fbre. Le nouveau syst\u00e8me anti-coupure Activ\u2019Security, brevet\u00e9 par PELLENC, permet de d\u00e9clencher l\u2019arr\u00eat instantan\u00e9 de la lame au contact de la main, avec ou sans gant PELLENC. Quels que soient le diam\u00e8tre et la duret\u00e9 des bois \u00e0 couper, l\u2019efficacit\u00e9 est au rendez-vous gr\u00e2ce \u00e0 une t\u00eate de coupe ultra performante 2 diam\u00e8tres disponibles : 35 mm (mod\u00e8le C35) ou 45 mm (mod\u00e8le C45). Facilement connectables \u00e0 l\u2019une des 3 perches PELLENC, ils vous assurent un maximum de pr\u00e9cision et de confort, jusqu\u2019\u00e0 4 m\u00e8tres de hauteur.<\/strong><\/em><\/span><\/p>\n<p><span style=\"color: #000000;\"><strong><em>Sa pr\u00e9cision optimisera et facilitera votre travail de taille pour un r\u00e9sultat parfait. Avec un poids total inf\u00e9rieur \u00e0 900 grammes, le s\u00e9cateur\u00a0 r\u00e9volutionne la taille arboricole et permet une prise en main adapt\u00e9e par tous les arboriculteurs. Son large diam\u00e8tre de coupe offre un grand confort d\u2019utilisation et sa batterie 250 augmente sa productivit\u00e9 puisqu\u2019elle permet de connecter deux outils PELLENC simultan\u00e9ment.<\/em><\/strong><\/span><\/p>\n<p><em><strong>Fonctionnement sur batteries ULiB 150, 150 P et 250 \u00e9tanches pour travailler par tous temps<\/strong><\/em><\/p>\n<p><strong><em>4 modes de fonction<\/em><\/strong><br \/>\n<em>\u2022\u00a0\u00a0\u00a0\u00a0\u00a0\u00a0\u00a0\u00a0\u00a0\u00a0 1 Performance : progressif rapide avec demi-ouverture<\/em><br \/>\n<em>\u2022\u00a0\u00a0\u00a0\u00a0\u00a0\u00a0\u00a0\u00a0\u00a0\u00a0 2 Confort : Progressif souple avec demi-ouverture<\/em><br \/>\n<em>\u2022\u00a0\u00a0\u00a0\u00a0\u00a0\u00a0\u00a0\u00a0\u00a0\u00a0 3 Tout ou rien : Rapide avec demi-ouverture<\/em><br \/>\n<em>\u2022\u00a0\u00a0\u00a0\u00a0\u00a0\u00a0\u00a0\u00a0\u00a0\u00a0 4 Progressif : progressif Rapide sans demi-ouverture<\/em><br \/>\n<strong><em>\u00a0<\/em><\/strong><br \/>\n<strong><em>L\u00e9ger<\/em><\/strong><br \/>\n<em>\u2022\u00a0\u00a0\u00a0\u00a0\u00a0\u00a0\u00a0\u00a0\u00a0\u00a0 Le s\u00e9cateur arboricole\u00a0 est le plus l\u00e9ger du march\u00e9 : 860gr pour le C 45 et 720 gr pour le C35<\/em><br \/>\n<em>\u00a0<\/em><br \/>\n<strong><em>Productif<\/em><\/strong><br \/>\n<em>\u2022\u00a0\u00a0\u00a0\u00a0\u00a0\u00a0\u00a0\u00a0\u00a0\u00a0 Adapt\u00e9 \u00e0 vos habitudes de taille gr\u00e2ce aux diff\u00e9rents modes de coupe.<\/em><br \/>\n<em>\u00a0<\/em><br \/>\n<strong><em>Adaptable<\/em><\/strong><br \/>\n<em>\u2022\u00a0\u00a0\u00a0\u00a0\u00a0\u00a0\u00a0\u00a0\u00a0\u00a0 Adaptable aux gauchers et droitiers<\/em><br \/>\n<em>\u2022\u00a0\u00a0\u00a0\u00a0\u00a0\u00a0\u00a0\u00a0\u00a0\u00a0 4 modes de fonctionnement (performance, confort, tout ou rien, progressif) pour s\u2019adapter aux diff\u00e9rentes habitudes de tailles.<\/em><br \/>\n<em>\u2022\u00a0\u00a0\u00a0\u00a0\u00a0\u00a0\u00a0\u00a0\u00a0\u00a0 Possibilit\u00e9 d\u2019un travail altern\u00e9 gr\u00e2ce au double connecteur sur la batterie 250.<\/em><br \/>\n<em>\u00a0<\/em><br \/>\n<strong><em>Ergonomique<\/em><\/strong><br \/>\n<em>\u2022\u00a0\u00a0\u00a0\u00a0\u00a0\u00a0\u00a0\u00a0\u00a0\u00a0 Compact, maniable et ambidextre, s\u2019adapte \u00e0 toutes les mains.<\/em><br \/>\n<em>\u2022\u00a0\u00a0\u00a0\u00a0\u00a0\u00a0\u00a0\u00a0\u00a0\u00a0 G\u00e2chette optique pour une gestion naturelle de la demi-ouverture.<\/em><br \/>\n<em>\u2022\u00a0\u00a0\u00a0\u00a0\u00a0\u00a0\u00a0\u00a0\u00a0\u00a0 Poign\u00e9e fine, ergonomique et ovalis\u00e9e.<\/em><br \/>\n<em>\u00a0<\/em><br \/>\n<strong><em>Donn\u00e9es techniques :<\/em><\/strong><br \/>\n<em>Poids du s\u00e9cateur: 860 gr\/720 gr<\/em><br \/>\n<em>Vitesse du moteur : 23000 tr\/min<\/em><br \/>\n<em>Longueur : 295 mm\/ 265 mm<\/em><br \/>\n<em>Ouverture de lame : 67 mm\/ 57 mm<\/em><br \/>\n<em>Diam\u00e8tre de coupe : 45 mm\/ 35 mm<\/em><br \/>\n<em>G\u00e2chette optique standard<\/em><br \/>\n<em>Mise en veille automatique<\/em><br \/>\n<em>D\u00e9montage de la lame sans outils<\/em><\/p>\n<hr \/>\n<p><em>\u00a0<\/em><\/p>\n","protected":false},"excerpt":{"rendered":"<h2><span style=\"color: #ffcc00;\"><strong><em>S\u00e9cateur arboricole Pellenc C 35\/ C 45<br \/>\n<\/em><\/strong><\/span><\/h2>\n<p><span style=\"color: #ffcc00;\"><strong><em>Sa pr\u00e9cision optimisera et facilitera votre travail de taille pour un r\u00e9sultat parfait. Avec un poids total inf\u00e9rieur \u00e0 900 grammes, le s\u00e9cateur arboricole r\u00e9volutionne la taille<\/em><\/strong><\/span><\/p>\n","protected":false},"featured_media":975,"template":"","meta":[],"product_cat":[42],"product_tag":[],"jetpack_sharing_enabled":true,"_links":{"self":[{"href":"https:\/\/jarditechservice.ch\/index.php?rest_route=\/wp\/v2\/product\/693"}],"collection":[{"href":"https:\/\/jarditechservice.ch\/index.php?rest_route=\/wp\/v2\/product"}],"about":[{"href":"https:\/\/jarditechservice.ch\/index.php?rest_route=\/wp\/v2\/types\/product"}],"wp:featuredmedia":[{"embeddable":true,"href":"https:\/\/jarditechservice.ch\/index.php?rest_route=\/wp\/v2\/media\/975"}],"wp:attachment":[{"href":"https:\/\/jarditechservice.ch\/index.php?rest_route=%2Fwp%2Fv2%2Fmedia&parent=693"}],"wp:term":[{"taxonomy":"product_cat","embeddable":true,"href":"https:\/\/jarditechservice.ch\/index.php?rest_route=%2Fwp%2Fv2%2Fproduct_cat&post=693"},{"taxonomy":"product_tag","embeddable":true,"href":"https:\/\/jarditechservice.ch\/index.php?rest_route=%2Fwp%2Fv2%2Fproduct_tag&post=693"}],"curies":[{"name":"wp","href":"https:\/\/api.w.org\/{rel}","templated":true}]}}

Sécateur arboricole Pellenc C45/C35

<h3><span style="color: #ffcc00;"><strong><em>Sécateur arboricole Pellenc C 45<br />
</em></strong></span></h3>
<p><span style="color: #ffcc00;"><em><strong>Puissants et légers, cette dernière génération de sécateurs rend la taille des arbres fruitiers, d’ornements et forestiers plus rapide et plus sûre. Le nouveau système anti-coupure Activ’Security, breveté par PELLENC, permet de déclencher l’arrêt instantané de la lame au contact de la main, avec ou sans gant PELLENC. Quels que soient le diamètre et la dureté des bois à couper, l’efficacité est au rendez-vous grâce à une tête de coupe ultra performante 2 diamètres disponibles : 35 mm (modèle C35) ou 45 mm (modèle C45). Facilement connectables à l’une des 3 perches PELLENC, ils vous assurent un maximum de précision et de confort, jusqu’à 4 mètres de hauteur.</strong></em></span></p>
<p><span style="color: #000000;"><strong><em>Sa précision optimisera et facilitera votre travail de taille pour un résultat parfait. Avec un poids total inférieur à 900 grammes, le sécateur  révolutionne la taille arboricole et permet une prise en main adaptée par tous les arboriculteurs. Son large diamètre de coupe offre un grand confort d’utilisation et sa batterie 250 augmente sa productivité puisqu’elle permet de connecter deux outils PELLENC simultanément.</em></strong></span></p>
<p><em><strong>Fonctionnement sur batteries ULiB 150, 150 P et 250 étanches pour travailler par tous temps</strong></em></p>
<p><strong><em>4 modes de fonction</em></strong><br />
<em>•           1 Performance : progressif rapide avec demi-ouverture</em><br />
<em>•           2 Confort : Progressif souple avec demi-ouverture</em><br />
<em>•           3 Tout ou rien : Rapide avec demi-ouverture</em><br />
<em>•           4 Progressif : progressif Rapide sans demi-ouverture</em><br />
<strong><em> </em></strong><br />
<strong><em>Léger</em></strong><br />
<em>•           Le sécateur arboricole  est le plus léger du marché : 860gr pour le C 45 et 720 gr pour le C35</em><br />
<em> </em><br />
<strong><em>Productif</em></strong><br />
<em>•           Adapté à vos habitudes de taille grâce aux différents modes de coupe.</em><br />
<em> </em><br />
<strong><em>Adaptable</em></strong><br />
<em>•           Adaptable aux gauchers et droitiers</em><br />
<em>•           4 modes de fonctionnement (performance, confort, tout ou rien, progressif) pour s’adapter aux différentes habitudes de tailles.</em><br />
<em>•           Possibilité d’un travail alterné grâce au double connecteur sur la batterie 250.</em><br />
<em> </em><br />
<strong><em>Ergonomique</em></strong><br />
<em>•           Compact, maniable et ambidextre, s’adapte à toutes les mains.</em><br />
<em>•           Gâchette optique pour une gestion naturelle de la demi-ouverture.</em><br />
<em>•           Poignée fine, ergonomique et ovalisée.</em><br />
<em> </em><br />
<strong><em>Données techniques :</em></strong><br />
<em>Poids du sécateur: 860 gr/720 gr</em><br />
<em>Vitesse du moteur : 23000 tr/min</em><br />
<em>Longueur : 295 mm/ 265 mm</em><br />
<em>Ouverture de lame : 67 mm/ 57 mm</em><br />
<em>Diamètre de coupe : 45 mm/ 35 mm</em><br />
<em>Gâchette optique standard</em><br />
<em>Mise en veille automatique</em><br />
<em>Démontage de la lame sans outils</em></p>
<hr />
<p><em> </em></p>

<h2><span style="color: #ffcc00;"><strong><em>Sécateur arboricole Pellenc C 35/ C 45<br />
</em></strong></span></h2>
<p><span style="color: #ffcc00;"><strong><em>Sa précision optimisera et facilitera votre travail de taille pour un résultat parfait. Avec un poids total inférieur à 900 grammes, le sécateur arboricole révolutionne la taille</em></strong></span></p>
